t n = 10 + -6. Is i(n) a prime number?
True
Let x be 304/1 - (-1 + 1). Suppose -5*k - f + 389 = -0*k, -4*k = -f - x. Is k prime?
False
Is 5/20 - (-6542)/8 composite?
True
Suppose -4*u = -5*g + 8287, u + 5 - 2 = 0. Is g a composite number?
True
Let r(f) = 6*f + 5. Let z be r(5). Suppose -12 - z = -p. Is p composite?
False
Let d be (-4)/6 - (-10)/15. Suppose d = -5*c + 84 + 841. Is c a prime number?
False
Let r = 2 + -4. Let n = r - -1. Is (3 - n) + -2 + 1 composite?
False
Let k(g) = 2*g**3 - 18*g**2 + 11*g + 13. Is k(12) a composite number?
False
Is ((-25)/(-9) - (-2)/9) + 176 prime?
True
Suppose 108 = -4*n + 548. Let v = -4 + 7. Suppose q = v*q - n. Is q a prime number?
False
Let y(f) = -f**3 - 10*f**2 - 8*f + 9. Let w be y(-9). Suppose w = -j - 0*j + 1. Let v(z) = 116*z - 1. Is v(j) a prime number?
False
Let c = -7 - -10. Suppose -c*i = -2*i - 6. Is 693/i - (-1)/(-2) a composite number?
True
Let s(h) = -5*h - 11. Let l be s(-9). Let r = l + 75. Is r composite?
False
Let j(o) = o**2 + 5*o - 2. Let a be j(-5). Let d be (4 + -2 - a) + 1. Suppose 2*z - d*z - 4*m = -53, 38 = 2*z + 4*m. Is z prime?
False
Let k(t) = 5*t**2 + 6 + 0*t**3 + 0*t - t - t**3 + 7*t. Is k(6) a prime number?
False
Suppose a = 18 + 39. Suppose -o + 32 + a = 0. Is o a prime number?
True
Let s be -2 + ((-4)/2 - -2). Let p = s + 79. Is p a prime number?
False
Let y(u) be the second derivative of 8*u**3 + u**2/2 + 3*u. Is y(1) a prime number?
False
Suppose -5*p + 12165 = 2*c + 2320, -c = -5*p + 9830. Is p a prime number?
False
Let h = -6 + 12. Suppose 0 = -2*r - h, -3*u - 8 = 3*r + 1. Suppose -6*a + 2*k = -3*a - 109, -k - 2 = u. Is a a composite number?
True
Let t(p) = 5 - 2*p**3 + 3*p**3 - 8*p**2 + 0*p**3. Let i be t(8). Suppose 38 = i*q - 3*q. Is q a composite number?
False
Suppose 0*j + 475 = j + 2*q, 3*q - 9 = 0. Is j prime?
False
Let z(x) = -80*x - 6. Is z(-14) a prime number?
False
Let a(s) = s - 12. Let p be a(11). Let x(k) = -10*k**3 + k**2. Is x(p) a composite number?
False
Let n = 496 - 229. Is n prime?
False
Suppose 2*m = 3*m - 629. Is m a prime number?
False
Suppose -3*j = 2*j - 10. Suppose 0 = 2*s + j*d - 70, -4*s + 5*s + 2*d = 36. Is s a prime number?
False
Let m be (-1)/4 + 17/4. Let p = m + -6. Is (-196)/(-2)*p/(-4) prime?
False
Suppose -41*u = -34*u - 3857. Is u a composite number?
True
Suppose -2*b = -l + 138, -4*b + 459 = 3*l - b. Suppose -3*t = -3*u + 180, 5*t + 7*u = 5*u - 293. Let c = l + t. Is c a composite number?
False
Is 9/(-27) - 356/(-6) a composite number?
False
Let f = 11 - 2. Let k be (0 - (-2 + 2))/1. Suppose 3*w + 3*h - f = k, h - 2 = -3*w + 15. Is w a prime number?
True
Let o = -161 + 288. Let i = o - 62. Is i a prime number?
False
Suppose -h + 5*c + 139 = 0, -3*h - h + 4*c + 588 = 0. Is h composite?
False
Let h(f) = f**2 - 3*f - 9. Let o be h(-5). Let j = o - -22. Is j composite?
False
Let i(k) be the third derivative of k**4/3 - k**3/6 - 3*k**2. Is i(1) a composite number?
False
Suppose 2*n + 2 = 0, 0 = 4*l + 4*n - 2*n - 46. Suppose -5*q = -5*u - 3*q + 431, l = -4*q. Is u a prime number?
False
Let b(q) = q**3 - 9*q**2 + 7*q + 2. Is b(9) a composite number?
True
Let b(i) = -177*i**3 - 2*i**2 + i - 1. Is b(-2) a prime number?
False
Let g(j) = 7*j - 5. Let f be g(8). Let h = 178 - f. Is h composite?
False
Suppose -2*d = -k - k - 22, -4*k + 28 = 5*d. Suppose 7*x = d*x - 46. Is x prime?
False
Suppose 5*b - 3*w = 1353 + 1105, -5*w = 4*b - 1996. Suppose 5*p - 141 = b. Is p a prime number?
True
Suppose 5*x - 2*q - 25 = 0, 3*x = 2*q + 17 - 6. Is x a composite number?
False
Let n = 3144 - 1635. Is n composite?
True
Suppose 0 = -0*v + 2*v - 108. Let f be (-6)/4*v*1. Is 1*-1 - (f - 3) composite?
False
Let m = -7 - -10. Suppose 3*z + m*v + 26 = 4*z, -3*v + 7 = 2*z. Is z prime?
True
Let o be (-4)/(-10) - 92/(-20). Suppose o*a - 1 = 2*g - 38, -3*a - 15 = 0. Is g a prime number?
False
Is (-1982)/(-6) + (-12)/9 prime?
False
Let l = 61 - 19. Suppose 0*v - l = -2*v. Is v a prime number?
False
Suppose 0 = -4*s + 3*s + 4. Let b = s - 5. Let i(d) = -19*d. Is i(b) a prime number?
True
Let h(y) = 5*y**3 + 7*y**2 - 4*y + 7. Is h(6) composite?
True
Suppose 731 = 2*x + c, -2*x + 108 = 4*c - 614. Is x composite?
False
Let h(z) = 10*z + 1. Let g = -4 - -6. Is h(g) a composite number?
True
Let k(m) = 48*m - 8. Let q(n) = 47*n - 7. Let p(l) = -2*k(l) + 3*q(l). Let a(f) = -11*f + 1. Let i(b) = -9*a(b) - 2*p(b). Is i(2) composite?
False
Suppose -3*o + 5*n = n - 362, 4*n = 5*o - 606. Suppose 4*d - 26 = o. Is d a prime number?
True
Let f(h) = -14*h - 7. Let j be (-238)/(-8) - (-2)/8. Suppose -j = 3*i + 2*i. Is f(i) a prime number?
False
Suppose -w = -5 + 1. Suppose 10 - w = -3*r. Is r + 59/(-1 - -2) a prime number?
False
Suppose 15 = -5*q, 0 + 3 = -o - 2*q. Suppose 2*n - 4*v = 198, -o*n + 0*v = 4*v - 257. Is n a composite number?
True
Let k(c) = -28*c - 8. Let g be k(6). Is 4/22 + (-53296)/g a composite number?
True
Let h be 8/5 + (-4)/(-10). Is (1/h)/(1/182) prime?
False
Suppose 2*x = 3*f - 4*f + 35, 2*f + 3*x - 74 = 0. Is f prime?
True
Let w(l) = -l**3 - 7*l**2 - 6*l - 11. Let h(z) = -z**3 - z**2 + 3*z - 3. Let u be h(2). Is w(u) composite?
True
Suppose 9 = -5*h - 21. Let j(q) = -5*q - 7. Is j(h) a prime number?
True
Suppose -v + 5*h = 3*v - 80, -2*v + 4*h = -46. Suppose v = -y + 5*x, -7*y + 4 = -3*y - 4*x. Suppose r - 388 = -y*g, -g - 3*r + 83 = -r. Is g a composite number?
True
Let n = 1 - -6. Let y(o) = n - o + 5*o - 4*o - o. Is y(-8) prime?
False
Let p be ((-2 - -1) + -1)*-2. Let j = 85 + p. Is j composite?
False
Suppose 3*t = -0*t. Let d = -9 - -22. Suppose -g + 6 + d = t. Is g prime?
True
Let i = 9 + -12. Is 2/i - (-3057)/9 a composite number?
True
Suppose 0 = -3*o + o - 50. Is (-3 - -7)/4 - o a composite number?
True
Suppose -9 = -3*c, -2*c - 9 = -5*g + 5. Let y(p) = p**3 - 6*p**2 - p + 8. Let b be y(6). Suppose b*a + 82 = g*h + 7*a, 5*a = h - 33. Is h composite?
False
Suppose 0 = -2*w - n + 17, 29 = 3*w - 0*w + 5*n. Suppose -g + 41 + w = 0. Is g a composite number?
True
Suppose 0 = -13*k + 6813 + 13246. Is k prime?
True
Suppose 0*z + 6 = 3*z. Let u(o) = -11*o + 12. Let m be u(-4). Suppose -46 = -5*h - z*q + m, -2*h + q + 48 = 0. Is h a prime number?
False
Suppose -193 = -g + 8. Is g a composite number?
True
Let l = 161 - 92. Is l a composite number?
True
Let p = -185 + 438. Suppose i - 4*o - 129 = -2*o, -2*i = o - p. Is i a prime number?
True
Let u(l) = l**2 + 4*l. Let j be u(-4). Suppose j = -s, 3*v - 3*s = 279 + 66. Is v a prime number?
False
Let m(w) = -2*w**3 + 3*w**2 - 2. Let o be m(3). Let l = 45 + o. Suppose 19 = x - l. Is x prime?
False
Suppose 0 = -0*w - w + 3. Suppose 3*n - 18 = -3*p, -4*n + w + 29 = 2*p. Suppose -15 = -d + n. Is d a composite number?
True
Let i = 6 + -5. Let y be (1015 - i)*2/4. Suppose y + 241 = 4*w. Is w a prime number?
False
Let k(h) = 37*h**2 - 2*h + 2. Is k(1) a prime number?
True
Suppose -3*m - 4 + 19 = 0. Suppose -3*h + m*h - 142 = 0. Is h a composite number?
False
Let k(q) = -5 - 19*q - 1 + 2. Is k(-5) composite?
True
Suppose -2*t = -3*c - 2 - 2, -t = 3*c - 11. Suppose 9 + t = v. Suppose 5*z - 64 + v = 0. Is z prime?
False
Suppose 0 = -0*k + k + 2, 2*k = -2*q + 24. Suppose a - 3*a = 2*i - q, 0 = 5*a - 3*i - 75. Is a/18 - (-80)/6 composite?
True
Suppose -964 = -5*f - 3*p, -2*f = 5*p - 276 - 121. Is f a prime number?
True
Suppose -4*x + 21 = -3*x - 4*y, -x + y = -21. Is x a prime number?
False
Let a(q) = q**3 + 10*q**2 + 9*q - 10. Suppose 5*x = -4*d - 22, -d - 5 + 1 = 2*x. Is a(d) composite?
True
Let o(k) = -5*k**2 - 2. Let b be o(-2). Let d be 18/(-24) + 47/4. Is 2/d + (-62)/b a prime number?
True
Suppose 0 = -0*s + s + 2798. Let j be s/4 - (-1)/2. Is 2/(-3) + j/(-9) prime?
False
Suppose n - 46 = 3*x + 18, -4*x + 205 = 3*n. Is n a composite number?
False
Let u be (-1)/(-2)*(-2 + 2). Suppose u*i = 3*i - 93. Is i a composite number?
False
Suppose -2*i - 170 + 518 = 0. Let m = 4 + -1. Suppose k - m*k = -i. Is k a prime number?
False
Let t = -1 + 1. Suppose 2834 = 5*s - 4*p, 2*s + s + 4*p - 1694 = t. Suppose -4*j + s + 462 = 0. Is j a composite number?
False
Let v be 56/3*(-3)/(-1). Suppose v = f - 27. Is f composite?
False
Suppose 3*j - 717 = 276. Is j a prime number?
True
Suppose -10 = 3*w - t, 3*w + 5 = -4*t - 0*t. Is (-3)/(w/121)